{"id":2023,"date":"2021-04-22T18:21:25","date_gmt":"2021-04-22T18:21:25","guid":{"rendered":"https:\/\/iepecdg.com.br\/podcast\/?page_id=2023"},"modified":"2021-05-19T16:41:43","modified_gmt":"2021-05-19T16:41:43","slug":"sobre-o-podcast","status":"publish","type":"page","link":"https:\/\/iepecdg.com.br\/podcast\/sobre-o-podcast\/","title":{"rendered":"SOBRE O PODCAST"},"content":{"rendered":"\n<p class=\"has-normal-font-size\"><strong>A Arte da Pol\u00edtica Econ\u00f4mica&nbsp;<\/strong><\/p>\n\n\n\n<p class=\"has-normal-font-size\">Em trinta epis\u00f3dios, protagonistas da hist\u00f3ria econ\u00f4mica recente exploram a ci\u00eancia, a pr\u00e1tica e a arte da pol\u00edtica econ\u00f4mica no Brasil.<\/p>\n\n\n\n<p class=\"has-normal-font-size\">O prop\u00f3sito da s\u00e9rie \u00e9 servir como registro hist\u00f3rico e um momento de discuss\u00e3o e aprendizado sobre a pr\u00e1tica da Pol\u00edtica Econ\u00f4mica no Brasil, desde os anos 1980.<\/p>\n\n\n\n<p class=\"has-normal-font-size\">Temas concretos &#8211; supera\u00e7\u00e3o da hiperinfla\u00e7\u00e3o, rela\u00e7\u00f5es entre o Tesouro e o Banco Central, reformas econ\u00f4micas, privatiza\u00e7\u00e3o, regime de metas de infla\u00e7\u00e3o e c\u00e2mbio flutuante, gest\u00e3o de crises, desafios de governan\u00e7a, constru\u00e7\u00e3o e desenho de institui\u00e7\u00f5es, experi\u00eancias estaduais de ajustes e de moderniza\u00e7\u00e3o, reformas inconclusas &#8211; trazem registros da hist\u00f3ria e dos desafios enfrentados na formula\u00e7\u00e3o e implementa\u00e7\u00e3o das pol\u00edticas.<\/p>\n\n\n\n<p class=\"has-normal-font-size\">A s\u00e9rie <strong>A Arte da Pol\u00edtica Econ\u00f4mica<\/strong> prop\u00f5e-se a servir de inspira\u00e7\u00e3o para o presente e o futuro das a\u00e7\u00f5es de governo no pa\u00eds.<\/p>\n\n\n\n<p class=\"has-normal-font-size\">O fio condutor \u00e9 o exame do processo de formula\u00e7\u00e3o e gest\u00e3o de pol\u00edticas p\u00fablicas no Brasil desde os anos 1980.<\/p>\n\n\n\n<p class=\"has-normal-font-size\">Os Podcasts exploram passagens da hist\u00f3ria da pol\u00edtica econ\u00f4mica na voz de seus principais atores. Tratam dos aprendizados e li\u00e7\u00f5es sobre os desafios de pol\u00edticas e as quest\u00f5es pr\u00e1ticas que se apresentam para os gestores. Discutem lideran\u00e7a, governan\u00e7a, elei\u00e7\u00e3o de prioridades, sequ\u00eancia de reformas, rela\u00e7\u00e3o entre economia e direito, papel da burocracia, negocia\u00e7\u00e3o, persuas\u00e3o, avalia\u00e7\u00e3o, rela\u00e7\u00e3o entre poderes.<\/p>\n\n\n\n<p class=\"has-normal-font-size\">Os epis\u00f3dios s\u00e3o agrupados em temas:<\/p>\n\n\n\n<p class=\"has-normal-font-size\">\u25cf <strong>Entreato para a estabilidade<\/strong>: planos, reformas e aprendizado<\/p>\n\n\n\n<p class=\"has-normal-font-size\">(1983-1992)<\/p>\n\n\n\n<p class=\"has-normal-font-size\">\u25cf <strong>Plano Real<\/strong><\/p>\n\n\n\n<p class=\"has-normal-font-size\">\u25cf <strong>Gest\u00e3o de crises e governan\u00e7a<\/strong>:<\/p>\n\n\n\n<p class=\"has-normal-font-size\">. As crises de 1998-1999 e 2002-2003<\/p>\n\n\n\n<p class=\"has-normal-font-size\">. Coordena\u00e7\u00e3o intragovernamental e gest\u00e3o de crises: Casa Civil, crise de energia e Petrobr\u00e1s<\/p>\n\n\n\n<p class=\"has-normal-font-size\">. Governan\u00e7a no Minist\u00e9rio da Fazenda<\/p>\n\n\n\n<p class=\"has-normal-font-size\">. Transi\u00e7\u00e3o FHC\/Lula<\/p>\n\n\n\n<p class=\"has-normal-font-size\">. Transi\u00e7\u00e3o Dilma\/Temer<\/p>\n\n\n\n<p class=\"has-normal-font-size\">\u25cf <strong>Reformas microecon\u00f4micas<\/strong>. Pol\u00edticas pr\u00f3-produtividade,<\/p>\n\n\n\n<p class=\"has-normal-font-size\">transfer\u00eancia de renda, privatiza\u00e7\u00e3o, BNDES, reforma trabalhista e&nbsp; previdenci\u00e1ria<\/p>\n\n\n\n<p class=\"has-normal-font-size\">\u25cf <strong>Constru\u00e7\u00e3o de regimes e institui\u00e7\u00f5es<\/strong>. Secretaria do Tesouro e<\/p>\n\n\n\n<p class=\"has-normal-font-size\">bancos p\u00fablicos, regime de metas da infla\u00e7\u00e3o, LRF e teto dos gastos, regime monet\u00e1rio para baixos juros, baixa infla\u00e7\u00e3o<\/p>\n\n\n\n<p class=\"has-normal-font-size\">\u25cf <strong>Experi\u00eancias estaduais de ajustes e moderniza\u00e7\u00e3o<\/strong><\/p>\n\n\n\n<p class=\"has-normal-font-size\">\u25cf R<strong>eformas inconclusas<\/strong>. Reforma tribut\u00e1ria (IVA), liberaliza\u00e7\u00e3o<\/p>\n\n\n\n<p class=\"has-normal-font-size\">comercial, reforma administrativa, educa\u00e7\u00e3o, meio ambiente e seguran\u00e7a p\u00fablica<\/p>\n\n\n\n<p class=\"has-normal-font-size\">\u25cf <strong>Lideran\u00e7a e li\u00e7\u00f5es para o futuro<\/strong>: experi\u00eancias nos Estados e no Minist\u00e9rio da Fazenda<\/p>\n\n\n\n<p class=\"has-normal-font-size\">O <em>hotsite<\/em> d\u00e1 acesso a informa\u00e7\u00f5es complementares como <strong>resumos<\/strong> de cada podcast e <strong>sugest\u00f5es de leituras <\/strong>sobre os temas dos epis\u00f3dios.<\/p>\n\n\n\n<p class=\"has-normal-font-size\">FICHA T\u00c9CNICA<\/p>\n\n\n\n<p class=\"has-normal-font-size\">Roteiro de Entrevistas e Host &#8211; Jos\u00e9 Augusto Coelho Fernandes<\/p>\n\n\n\n<p class=\"has-normal-font-size\">Coordena\u00e7\u00e3o projeto CdG &#8211; Sheila Najberg<\/p>\n\n\n\n<p class=\"has-normal-font-size\">Pesquisa\/textos &#8211; Luann F Gon\u00e7alves&nbsp;<\/p>\n\n\n\n<p class=\"has-normal-font-size\">Edi\u00e7\u00e3o &#8211; Nando Chagas<\/p>\n\n\n\n<p class=\"has-normal-font-size\">Locu\u00e7\u00e3o &#8211; Ester Jablonski<\/p>\n\n\n\n<p class=\"has-normal-font-size\">Logo &#8211; S\u00e9rgio Magalh\u00e3es<\/p>\n\n\n\n<p class=\"has-normal-font-size\">Realiza\u00e7\u00e3o &#8211; IEPE \/Casa das Gra\u00e7as<\/p>\n\n\n\n<p class=\"has-normal-font-size\">Produ\u00e7\u00e3o &#8211; Flocks<\/p>\n","protected":false},"excerpt":{"rendered":"<p>A Arte da Pol\u00edtica Econ\u00f4mica&nbsp; Em trinta epis\u00f3dios, protagonistas da hist\u00f3ria econ\u00f4mica recente exploram a ci\u00eancia, a pr\u00e1tica e a arte da pol\u00edtica econ\u00f4mica no Brasil. O prop\u00f3sito da s\u00e9rie \u00e9 servir como registro hist\u00f3rico e um momento de discuss\u00e3o e aprendizado sobre a pr\u00e1tica da Pol\u00edtica Econ\u00f4mica no Brasil, desde os anos 1980. Temas [&hellip;]<\/p>\n","protected":false},"author":1,"featured_media":0,"parent":0,"menu_order":0,"comment_status":"closed","ping_status":"closed","template":"","meta":{"footnotes":""},"class_list":["post-2023","page","type-page","status-publish","hentry"],"jetpack_sharing_enabled":true,"jetpack-related-posts":[],"_links":{"self":[{"href":"https:\/\/iepecdg.com.br\/podcast\/wp-json\/wp\/v2\/pages\/2023","targetHints":{"allow":["GET"]}}],"collection":[{"href":"https:\/\/iepecdg.com.br\/podcast\/wp-json\/wp\/v2\/pages"}],"about":[{"href":"https:\/\/iepecdg.com.br\/podcast\/wp-json\/wp\/v2\/types\/page"}],"author":[{"embeddable":true,"href":"https:\/\/iepecdg.com.br\/podcast\/wp-json\/wp\/v2\/users\/1"}],"replies":[{"embeddable":true,"href":"https:\/\/iepecdg.com.br\/podcast\/wp-json\/wp\/v2\/comments?post=2023"}],"version-history":[{"count":2,"href":"https:\/\/iepecdg.com.br\/podcast\/wp-json\/wp\/v2\/pages\/2023\/revisions"}],"predecessor-version":[{"id":2050,"href":"https:\/\/iepecdg.com.br\/podcast\/wp-json\/wp\/v2\/pages\/2023\/revisions\/2050"}],"wp:attachment":[{"href":"https:\/\/iepecdg.com.br\/podcast\/wp-json\/wp\/v2\/media?parent=2023"}],"curies":[{"name":"wp","href":"https:\/\/api.w.org\/{rel}","templated":true}]}}